 0 = n + 2*k - 10, j*k + 30 = 3*n + 6*k. Let v(u) = 3*u**2 - 7*u - 39. Is v(n) a composite number?
False
Is (-127130)/(((-44)/(-55))/((-13)/(-5) + -3)) composite?
True
Suppose 32 = 14*a + 2*a. Is 20/(a - 7) - -2913 a prime number?
True
Let t = -53133 - -82616. Is t composite?
False
Suppose 2*u - 5*j - 25553 = 0, 10*u - 6*u = -3*j + 51119. Is u a composite number?
True
Suppose 233*t + 8296656 = 281*t. Is t a composite number?
True
Suppose -3*o + 81135 = 2*y, 7*o - 8*o = 3*y - 27045. Is 12/(-15) + (6 - o/(-25)) a prime number?
True
Let k(x) = 2*x**3 - 9*x**2 + 7*x - 7. Let l be ((-10)/25 - 54/15) + -58. Let t = 70 + l. Is k(t) prime?
False
Let w = 925258 - 638717. Is w composite?
False
Let h = 4814 - -18863. Is h a prime number?
True
Let o be 2 + 6/(-1)*1. Let k(d) = 529*d - 36. Let l(n) = 264*n - 19. Let h(v) = -6*k(v) + 11*l(v). Is h(o) a prime number?
True
Is (29703/(-5))/(2019/(-3365)) prime?
True
Suppose a + 2 = 6. Let w be 149 - 4/a*0. Let c = 1222 - w. Is c composite?
True
Let k(l) = -3*l + 50. Let m be k(16). Suppose m*i - a + 68 = 0, 8*a - 3*a = -5*i - 170. Is (1935 - 1) + 0/i a composite number?
True
Suppose -5*g = -5*v - 7653875, -4*g + 6123132 = -2*v + 6*v. Is g a prime number?
True
Let p(y) = 997*y - 159. Let i(c) = -c + 2. Let s(k) = -6*i(k) + p(k). Is s(26) composite?
True
Let g(r) = r**2 + 18*r - 86. Let l be g(4). Is (1 + 12/(-8))*(-324 - l) composite?
False
Let k(y) = -y + 4. Let z be k(-18). Suppose 8523 = -19*h + z*h. Suppose -3*u = -5*a + 3542, -4*a + 2*u - 7*u = -h. Is a composite?
False
Suppose 289 = -39*r + 56*r. Suppose 18*t - r*t - 2063 = 0. Is t a composite number?
False
Let f(y) be the second derivative of -y**4/6 + 5*y**3/6 + y**2 - 10*y. Let r be f(3). Is (r - 6/3) + 818 prime?
False
Let g be (9 - (-2090)/10)/((-10)/(-45)). Let o = -9 + 14. Suppose -g = -0*y - y - o*b, -6 = 3*b. Is y prime?
True
Suppose 0 = 13*r + 34114 - 125348. Let d = 11003 - r. Is d a prime number?
False
Let b be 33/1*-3*(-26)/9. Let h = b + 433. Is h composite?
False
Let r(s) = 18*s**2 - 2*s - 13. Let k be r(6). Suppose 0 = -4*y + k + 365. Suppose -y = -x + 132. Is x prime?
True
Suppose 10*z - 358819 = 6056965 + 1506446. Is z prime?
True
Suppose -3*f = 4*m - 2313489, 2313489 = 80*f - 77*f + 5*m. Is f prime?
True
Suppose -4*q - 5*k + 354 = -6*k, 0 = 4*q - 2*k - 352. Let y = -86 + q. Let m(x) = 9*x**3 - 3*x**2 + 2*x - 9. Is m(y) a composite number?
True
Let k(s) = 36*s + 4. Let d be k(-1). Let w = d - -32. Suppose 5*p = -15, 0 = 5*o - w*p - 5*p - 985. Is o prime?
False
Let s(m) = 10*m**3 + 7*m**2 + 6*m + 1. Let q be s(-5). Is (-6)/(-3 - -9) - q composite?
False
Suppose 10*y - 617028 = 1093522. Is y a composite number?
True
Suppose -3*x = -4*b + 332040, -3*b - 2*b + x + 415050 = 0. Suppose -b = -6*j - 29556. Is j composite?
True
Let x be -2 - (-275)/4 - 39/52. Let n = 67 - x. Is 4/(-5) + n + (-19728)/(-10) composite?
False
Let f(m) = 160511*m - 11589. Is f(6) composite?
True
Suppose -4596968 = 12998*n - 12950*n - 20312216. Is n a composite number?
False
Suppose 0 = 6*k - 8448 + 1188. Let p = -501 + k. Suppose -s = -2*s + p. Is s a composite number?
False
Let s(f) = -f - 10. Let l be s(-16). Suppose l*i - i = 2685. Suppose 0 = -5*y + 8*y - i. Is y composite?
False
Let z = -6 - -60. Let y = z + -51. Suppose y*l = 5141 + 4186. Is l a composite number?
False
Let s(i) = -i**3 + 3*i + 1. Let h be s(-2). Let o = -149 + 149. Suppose 6*f + 981 = 3*l + 2*f, o = f + h. Is l a prime number?
False
Suppose -4*i - n = -0*i - 65, -2*i - 2*n = -28. Suppose 3*s - 23 = -5*k, 5*k - 2 = s + i. Is s/(-2)*-4 + 185 a composite number?
True
Let m = -2847 + 8798. Is m a composite number?
True
Suppose 60*i = 78*i - 778698. Is i prime?
True
Is (10906/42 - -20)*489 composite?
True
Suppose 6167726 = 595*s - 549*s. Is s prime?
True
Is -2 - (105/(-10))/7*(-4852908)/(-54) prime?
False
Let i be 15/(-6) + (-28)/((-560)/510). Suppose -3*j + 2078 = 5*c, c - 696 = -j - 0*c. Suppose j = 24*f - i*f. Is f composite?
False
Let u = 345255 + -64648. Is u a composite number?
False
Suppose r - 3*p - 187270 = 0, -15 + 35 = -5*p. Is r a composite number?
True
Is (-3)/(72/(-50668))*6 a composite number?
True
Let k be (-1)/(-3) - 2/6. Suppose -6*z + 5*z + 4 = k. Suppose -150 = -2*r - z*w, -2*w = 2*r - 6*w - 182. Is r a composite number?
False
Suppose 14 - 2 = 2*f. Let l be ((-1)/(4/f) + -1)*-8. Suppose -17*k = -l*k + 4029. Is k prime?
False
Let u(b) = 5340*b - 29. Is u(22) composite?
True
Let v = 232 - 227. Suppose 64959 = v*m - 4*x, -2*m - 33*x + 31*x + 25980 = 0. Is m prime?
False
Is (-47)/(-5) + (-120)/12 - 198376/(-10) prime?
False
Suppose 21*i - 5555 = 11392. Is i prime?
False
Suppose -2*o - 4*u = -1696, 5*o - 4*u - 3397 - 885 = 0. Is (-61)/o - 921286/(-28) prime?
False
Suppose 4*q = -5*u + 349357, -u + 2*u = 2*q + 69863. Is u prime?
False
Let i(j) = 2*j + 15. Let s be i(-6). Suppose -3*n + 5 = -4*x, -s*x + 6 = 3*n + 15. Is 17 - -2743 - ((-1)/(-1))/n a composite number?
True
Suppose -14869 + 186647 = 2*b. Is b prime?
True
Let w = 251641 + -119208. Is w a composite number?
True
Suppose -10*q = -14*q + 2040. Is -2 + 50/4*q composite?
False
Let x = 12 - 7. Suppose -x*m + 4*q = -12761, 4*q + 2549 = m - 0*m. Suppose -6*n + 5*n = 2*z - 1702, 3*z + 4*n = m. Is z prime?
False
Let h = 1872558 - 1152599. Is h a prime number?
True
Let i = -8367 + 17878. Is i composite?
False
Let m(b) be the second derivative of 27*b**5/20 - b**4/12 + 2*b**3/3 + 5*b**2/2 - 79*b. Is m(3) a composite number?
True
Let w = -7470 - -14453. Is w a composite number?
False
Suppose 4*s - 160291 = -b, 4*b + 26*s = 27*s + 641232. Is b composite?
True
Let v(b) = -2*b**3 - 17*b**2 + 11*b + 18. Let c be v(-9). Let o(a) = c - 26*a - 36*a + 5 + 0. Is o(-1) prime?
True
Let f = -41 - -44. Suppose 0 = 2*l, 3*n - 4*n = -f*l + 6. Is 3571/9 + n/(-27) composite?
False
Let h = -48 + 50. Suppose -4*d + 3 = -5. Suppose 5*q - d*u = 3982 - 817, 1245 = h*q - 5*u. Is q a prime number?
False
Suppose 3*v = 5*p - 0*v + 70, 4*v + 28 = -2*p. Is (-32666)/p - 2/7 composite?
False
Let v(w) = 3*w + 26. Let n be v(-5). Suppose n*i + 138 = 12*i. Suppose -3*z - 46 = -4*z + l, -3*z = -2*l - i. Is z a composite number?
True
Suppose 0*w - 4*w + 3*d = -21, 5*w = d + 29. Suppose -16*y + w*y = -40450. Is y a prime number?
False
Let c = 45036 + 60781. Is c composite?
False
Suppose -127*t + 348 = -131*t. Let j = t - -298. Is j a composite number?
False
Suppose 0 = 5*d + 3*n - 603923, 114069 = 3*d + 3*n - 248292. Is d a composite number?
True
Suppose -159*b + 6*b + 41800725 = -18*b. Is b a prime number?
False
Let k = 649 + -649. Suppose 22*o - 17*o - 170 = k. Is o prime?
False
Let d = 74 - 29. Let k = d + -45. Suppose -3350 = -10*r - k*r. Is r composite?
True
Suppose -5*q = -5, -16*y + 15*y = -4*q - 22897. Is y a prime number?
True
Suppose -5*x = -o + 6, -2*o + 2*x + 25 + 19 = 0. Suppose o*q = 6799 + 4823. Is q prime?
False
Suppose 8*a = -74 + 10. Let n(c) = -107*c**2 - 8*c + 4. Let h be n(a). Let j = -4149 - h. Is j a prime number?
False
Let w be 0 + -200 + 4/2. Let b = -490 - -979. Let i = b + w. Is i a composite number?
True
Let k(b) = 367*b + 3. Let m be (-1)/((12/4)/3). Let w(r) = -r. Let v(z) = m*k(z) + 6*w(z). Is v(-2) a prime number?
True
Suppose -60 = 7*d - 4*d. Let m be 8/d + (-35226)/(-15). Suppose -12*q + 8*q = -m. Is q a composite number?
False
Is 12/8*(4 - 1051570/(-15)) a composite number?
True
Suppose 20*m - 65046165 + 17840345 = 0. Is m composite?
False
Let s(b) = 293*b**2 + 12*b - 171. Is s(8) a composite number?
True
Let l(v) = -v**2 - 294*v**3 + 2*v - 1 - 2 + 2*v**2 + 301*v**3. Is l(4) composite?
True
Is (-2626244)/3*291/(-388) a prime number?
True
Is (5/25)/((-13135773)/3283945 + -4 + 8) a composite number?
False
Let p(v) = -v**3 + 127*v**2 - 1115*v + 103. Is p(90) a prime number?
True
Suppose 4 + 8 = 6*n. Suppose -g - 2828 = -3*h, -5*h - n*g + 918 = -3777. Let d = h - -954. Is d a composite number?
True
Let k(v) = 93*v**2 + 2. Let t be k(-8). Let j = -25 - 2. Is t/18 + (-6)/j a composite number?
False
Suppose 3*p - 5*u + 7 = 0, 2*u - 26 = p - 22. Is (-1 - (2 + p/(-3)))*-2333 a composite number?
False
Suppose 2*t - 221697 + 79396 = -5*q, -5*t - 35 = 0. Is q composite?
False
Suppose -2 - 4 = x. Suppose 5*u + 3*h = 2119, -4*u - 45*h + 1705 = -44*